nder when 96211 is divided by 48074.
63
What is the remainder when 12696548 is divided by 80?
68
What is the remainder when 241480 is divided by 225?
55
Calculate the remainder when 8264855 is divided by 11909.
9
What is the remainder when 230303 is divided by 114656?
991
Calculate the remainder when 111849 is divided by 55904.
41
Calculate the remainder when 5455269 is divided by 2727569.
131
Calculate the remainder when 425383 is divided by 8016.
535
What is the remainder when 76479 is divided by 18534?
2343
What is the remainder when 1380088 is divided by 384?
376
Calculate the remainder when 364835233 is divided by 154.
147
Calculate the remainder when 90784 is divided by 191.
59
Calculate the remainder when 58231234 is divided by 33294.
28
Calculate the remainder when 26343 is divided by 25939.
404
What is the remainder when 756702 is divided by 1583?
28
Calculate the remainder when 2476991 is divided by 39.
23
Calculate the remainder when 666041 is divided by 665970.
71
What is the remainder when 37804360 is divided by 146?
142
Calculate the remainder when 3155279 is divided by 11820.
11159
Calculate the remainder when 23272588 is divided by 2223.
1
What is the remainder when 4029412 is divided by 149235?
67
What is the remainder when 8140513 is divided by 1125?
13
Calculate the remainder when 301515195 is divided by 6.
3
Calculate the remainder when 160105 is divided by 145890.
14215
What is the remainder when 2062172 is divided by 2062166?
6
What is the remainder when 15209232 is divided by 170?
12
Calculate the remainder when 705342 is divided by 41489.
29
Calculate the remainder when 2971912 is divided by 6016.
8
What is the remainder when 18192931 is divided by 3032155?
1
What is the remainder when 27122 is divided by 7046?
5984
What is the remainder when 1903433 is divided by 8691?
104
What is the remainder when 62356508 is divided by 6298?
10
Calculate the remainder when 58032818 is divided by 19344260.
38
What is the remainder when 28886 is divided by 13578?
1730
Calculate the remainder when 347503064 is divided by 1729.
1728
What is the remainder when 6144008 is divided by 126?
122
Calculate the remainder when 2588 is divided by 132.
80
Calculate the remainder when 2659118 is divided by 2802.
20
Calculate the remainder when 20337 is divided by 1095.
627
What is the remainder when 1004555 is divided by 7848?
11
What is the remainder when 10469338 is divided by 2940?
2938
Calculate the remainder when 33241 is divided by 8244.
265
What is the remainder when 16478676 is divided by 106314?
6
What is the remainder when 969318 is divided by 323076?
90
Calculate the remainder when 26441047 is divided by 1436.
1415
Calculate the remainder when 412686 is divided by 206319.
48
Calculate the remainder when 1079576 is divided by 29988.
8
What is the remainder when 320061 is divided by 854?
665
Calculate the remainder when 85392462 is divided by 644.
638
What is the remainder when 875489 is divided by 3757?
108
What is the remainder when 21043 is divided by 4048?
803
What is the remainder when 158114 is divided by 15801?
104
Calculate the remainder when 572741 is divided by 4064.
3781
What is the remainder when 556085 is divided by 556?
85
What is the remainder when 1587831 is divided by 35285?
6
What is the remainder when 3506369 is divided by 119?
34
Calculate the remainder when 13102819 is divided by 1670.
1669
Calculate the remainder when 42657881 is divided by 2964.
2957
Calculate the remainder when 2929658 is divided by 183101.
42
What is the remainder when 186485 is divided by 30853?
1367
Calculate the remainder when 691502 is divided by 10303.
1201
What is the remainder when 36520905 is divided by 7108?
1
Calculate the remainder when 151798 is divided by 151762.
36
Calculate the remainder when 7785935 is divided by 2309.
2296
Calculate the remainder when 5489 is divided by 5056.
433
What is the remainder when 1184247 is divided by 727?
691
Calculate the remainder when 93943811 is divided by 502.
33
What is the remainder when 72733 is divided by 88?
45
What is the remainder when 1871135 is divided by 1167?
434
Calculate the remainder when 3795315 is divided by 104.
43
Calculate the remainder when 75902 is divided by 6880.
222
Calculate the remainder when 1156167 is divided by 56.
47
Calculate the remainder when 271497 is divided by 386.
139
What is the remainder when 292358 is divided by 73070?
78
Calculate the remainder when 6174293 is divided by 302.
205
What is the remainder when 57174 is divided by 1268?
114
Calculate the remainder when 41578202 is divided by 96.
26
Calculate the remainder when 3443823 is divided by 1303.
1297
Calculate the remainder when 2479716 is divided by 2240.
36
Calculate the remainder when 1575681 is divided by 461.
444
What is the remainder when 245236 is divided by 245203?
33
What is the remainder when 86332 is divided by 8183?
4502
What is the remainder when 1687899177 is divided by 1595?
1592
What is the remainder when 669793 is divided by 5631?
5335
What is the remainder when 13474598 is divided by 517?
27
What is the remainder when 72630 is divided by 1496?
822
What is the remainder when 520693 is divided by 2704?
1525
What is the remainder when 814043 is divided by 350?
293
Calculate the remainder when 49223403 is divided by 605.
603
Calculate the remainder when 912111 is divided by 151998.
123
What is the remainder when 610378 is divided by 523?
37
Calculate the remainder when 158373 is divided by 2637.
153
Calculate the remainder when 180816 is divided by 1827.
1770
Calculate the remainder when 39072456 is divided by 19536193.
70
What is the remainder when 4136042 is divided by 185?
182
What is the remainder when 240888 is divided by 777?
18
What is the remainder when 33838290 is divided by 322269?
45
Calculate the remainder when 870 is divided by 148.
130
Calculate the remainder when 57994537 is divided by 49.
48
What is the remainder when 6038 is divided by 2020?
1998
What is the remainder when 41420 is divided by 1727?
1699
What is the remainder when 2256587 is divided by 2256486?
101
Calculate the remainder when 17934572 is divided by 17.
14
Calculate the remainder when 799937 is divided by 266644.
5
Calculate the remainder when 6432990 is divided by 1869.
1761
What is the remainder when 302219486 is divided by 73?
70
What is the remainder when 151189628 is divided by 3456?
3452
Calculate the remainder when 865657 is divided by 24046.
1
What is the remainder when 2413272 is divided by 344521?
1625
What is the remainder when 254754 is divided by 127372?
10
Calculate the remainder when 41261 is divided by 6869.
47
Calculate the remainder when 611435 is divided by 12468.
503
What is the remainder when 993908 is divided by 124?
48
What is the remainder when 2798327 is divided by 1422?
1253
What is the remainder when 2227740 is divided by 63?
60
What is the remainder when 4582728 is divided by 41?
35
What is the remainder when 2771111 is divided by 177?
176
What is the remainder when 618786062 is divided by 52?
50
What is the remainder when 1170525 is divided by 68853?
24
Calculate the remainder when 4363791 is divided by 83.
66
Calculate the remainder when 405890 is divided by 495.
485
Calculate the remainder when 38228998 is divided by 1312.
1254
Calculate the remainder when 440364 is divided by 25886.
302
Calculate the remainder when 2141817 is divided by 922.
11
Calculate the remainder when 37885538 is divided by 35.
33
What is the remainder when 56704 is divided by 18760?
424
What is the remainder when 157484 is divided by 588?
488
Calculate the remainder when 58871 is divided by 145.
1
What is the remainder when 12764512 is divided by 521?
12
What is the remainder when 1647003 is divided by 1646034?
969
Calculate the remainder when 3365799 is divided by 22290.
9
Calculate the remainder when 81282 is divided by 6183.
903
What is the remainder when 18197 is divided by 362?
97
What is the remainder when 9532318 is divided by 9817?
11
Calculate the remainder when 151574 is divided by 259.
59
What is the remainder when 829422 is divided by 17174?
5070
What is the remainder when 446390 is divided by 446285?
105
Calculate the remainder when 1329752 is divided by 1329713.
39
What is the remainder